 of 79280.
2, 5, 991
What are the prime factors of 7721180?
2, 5, 149, 2591
List the prime factors of 2629458.
2, 3, 13, 17, 661
List the prime factors of 85350.
2, 3, 5, 569
List the prime factors of 857856.
2, 3, 1117
List the prime factors of 21924061.
21924061
List the prime factors of 79396.
2, 23, 863
List the prime factors of 105028.
2, 7, 11, 31
List the prime factors of 665764.
2, 11, 15131
List the prime factors of 129980.
2, 5, 67, 97
List the prime factors of 38305.
5, 47, 163
What are the prime factors of 116701?
13, 47, 191
What are the prime factors of 8023453?
19, 422287
What are the prime factors of 34038?
2, 3, 31, 61
What are the prime factors of 25065129?
3, 8355043
List the prime factors of 15230756.
2, 3807689
What are the prime factors of 881209?
7, 125887
List the prime factors of 3143837.
733, 4289
List the prime factors of 528115.
5, 7, 79, 191
What are the prime factors of 1238114?
2, 619057
What are the prime factors of 98707?
7, 59, 239
List the prime factors of 670532.
2, 167633
What are the prime factors of 1593552?
2, 3, 33199
List the prime factors of 2298830.
2, 5, 29, 7927
What are the prime factors of 702335?
5, 19, 7393
List the prime factors of 100874.
2, 31, 1627
List the prime factors of 29684639.
31, 311, 3079
What are the prime factors of 94846?
2, 47, 1009
What are the prime factors of 21634?
2, 29, 373
List the prime factors of 751969.
751969
What are the prime factors of 121231?
11, 103, 107
What are the prime factors of 527257?
103, 5119
List the prime factors of 8718639.
3, 2906213
List the prime factors of 543672.
2, 3, 839
List the prime factors of 2029942.
2, 29, 31, 1129
What are the prime factors of 1342551?
3, 7, 9133
What are the prime factors of 5746767?
3, 13, 147353
What are the prime factors of 316794?
2, 3, 37, 1427
List the prime factors of 303090.
2, 3, 5, 10103
What are the prime factors of 4177308?
2, 3, 17, 20477
List the prime factors of 422793.
3, 7, 2237
List the prime factors of 4595993.
4595993
List the prime factors of 236412.
2, 3, 11, 199
What are the prime factors of 436558?
2, 218279
What are the prime factors of 1200006?
2, 3, 163, 409
What are the prime factors of 209083?
7, 17, 251
List the prime factors of 11487990.
2, 3, 5, 382933
What are the prime factors of 22928014?
2, 193, 59399
List the prime factors of 18430536.
2, 3, 107, 7177
List the prime factors of 340929.
3, 23, 61
What are the prime factors of 199730?
2, 5, 19973
List the prime factors of 11234808.
2, 3, 13, 4001
List the prime factors of 11794207.
2939, 4013
What are the prime factors of 761719?
7, 17, 37, 173
List the prime factors of 3144425.
5, 125777
List the prime factors of 215516.
2, 7, 43, 179
What are the prime factors of 609609?
3, 7, 11, 13, 29
List the prime factors of 17926284.
2, 3, 547, 2731
List the prime factors of 10906913.
139, 78467
What are the prime factors of 62838?
2, 3, 3491
What are the prime factors of 5359837?
7, 53, 14447
List the prime factors of 205038.
2, 3, 3797
What are the prime factors of 469148?
2, 19, 6173
What are the prime factors of 518843?
13, 107, 373
List the prime factors of 829352.
2, 103669
List the prime factors of 4298924.
2, 7, 153533
What are the prime factors of 2019294?
2, 3, 17, 6599
What are the prime factors of 795422?
2, 137, 2903
What are the prime factors of 128678?
2, 11, 5849
What are the prime factors of 889540?
2, 5, 79, 563
What are the prime factors of 1031719?
13, 19, 4177
What are the prime factors of 863721?
3, 19, 5051
List the prime factors of 16870601.
11, 1533691
List the prime factors of 1888510.
2, 5, 13, 73, 199
List the prime factors of 16659228.
2, 3, 1388269
What are the prime factors of 4844293?
4844293
List the prime factors of 59182.
2, 127, 233
List the prime factors of 7285073.
1303, 5591
List the prime factors of 11089817.
59, 187963
What are the prime factors of 327704?
2, 13, 23, 137
List the prime factors of 9569902.
2, 37, 79, 1637
What are the prime factors of 5976449?
5976449
List the prime factors of 450623.
19, 37, 641
List the prime factors of 831049.
307, 2707
What are the prime factors of 42561?
3, 4729
What are the prime factors of 9618691?
29, 47, 7057
List the prime factors of 126221.
113, 1117
What are the prime factors of 1810494?
2, 3, 7, 14369
List the prime factors of 2913929.
2913929
List the prime factors of 2169838.
2, 11, 19, 29, 179
What are the prime factors of 12369157?
12369157
List the prime factors of 170950.
2, 5, 13, 263
List the prime factors of 129446.
2, 59, 1097
List the prime factors of 2037962.
2, 1018981
List the prime factors of 2395912.
2, 17, 79, 223
What are the prime factors of 337135?
5, 67427
What are the prime factors of 574657?
574657
What are the prime factors of 6116175?
3, 5, 13, 17, 41
List the prime factors of 5273185.
5, 571, 1847
List the prime factors of 36356.
2, 61, 149
List the prime factors of 1582942.
2, 67, 11813
List the prime factors of 185972.
2, 19, 2447
What are the prime factors of 4251216?
2, 3, 31, 2857
What are the prime factors of 397126?
2, 29, 41, 167
List the prime factors of 473611.
473611
List the prime factors of 7839208.
2, 13, 75377
List the prime factors of 126044.
2, 31511
List the prime factors of 585276.
2, 3, 17, 19, 151
What are the prime factors of 8129098?
2, 4064549
What are the prime factors of 1689952?
2, 11, 4801
List the prime factors of 9590217.
3, 7, 13, 35129
List the prime factors of 6156777.
3, 11, 186569
List the prime factors of 1231444.
2, 31, 9931
List the prime factors of 217828.
2, 13, 59, 71
List the prime factors of 366835.
5, 7, 47, 223
What are the prime factors of 418414?
2, 131, 1597
List the prime factors of 27222.
2, 3, 13, 349
List the prime factors of 1672237.
7, 59, 4049
List the prime factors of 2779884.
2, 3, 37, 2087
What are the prime factors of 3677861?
11, 23, 14537
What are the prime factors of 1491601?
1491601
What are the prime factors of 20782916?
2, 7, 11, 67477
What are the prime factors of 883005?
3, 5, 37, 43
List the prime factors of 1745110.
2, 5, 47, 79
What are the prime factors of 245891?
29, 61, 139
List the prime factors of 92822.
2, 46411
List the prime factors of 1621478.
2, 107, 7577
List the prime factors of 4183915.
5, 31, 26993
What are the prime factors of 247806?
2, 3, 13, 353
What are the prime factors of 559039?
13, 43003
List the prime factors of 5475009.
3, 1825003
What are the prime factors of 6922031?
191, 36241
List the prime factors of 1638562.
2, 17, 48193
What are the prime factors of 5068595?
5, 7, 144817
List the prime factors of 351947.
71, 4957
What are the prime factors of 75148?
2, 18787
What are the prime factors of 2015884?
2, 13, 38767
List the prime factors of 2079951.
3, 693317
What are the prime factors of 200060?
2, 5, 7, 1429
List the prime factors of 238919.
238919
What are the prime factors of 2613158?
2, 683, 1913
What are the prime factors of 51533?
29, 1777
List the prime factors of 155812.
2, 38953
What are the prime factors of 1277841?
3, 251, 1697
List the prime factors of 15749053.
15749053
List the prime factors of 3514348.
2, 167, 5261
What are the prime factors of 3893415?
3, 5, 113, 2297
List the prime factors of 1119816.
2, 3, 103, 151
What are the prime factors of 660932?
2, 165233
What are the prime factors of 432658?
2, 216329
List the prime factors of 244448.
2, 7639
List the prime factors of 50658.
2, 3, 8443
List the prime factors of 1524867.
3, 71, 7159
List the prime factors of 315226.
2, 277, 569
List the prime factors of 1430302.
2, 715151
What are the prime factors of 28216743?
3, 991, 9491
What are the prime factors of 67808?
2, 13, 163
List the prime factors of 255648.
2, 3, 2663
What are the prime factors of 2255599?
71, 31769
What are the prime factors of 3047001?
3, 29, 35023
What are the prime factors of 716965?
5, 19, 7547
List the prime factors of 1308318.
2, 3, 11, 43, 461
List the prime factors of 5966912.
2, 7, 19, 701
What are the prime factors of 1243109?
7, 257, 691
List the prime factors of 1910445.
3, 5, 127363
What are the prime factors of 345161?
23, 43, 349
List the prime factors of 29689933.
7, 13, 127, 367
List the prime factors of 18022402.
2, 9011201
List the prime factors of 18741207.
3, 6247069
What a